{"id":58125,"date":"2023-06-09T17:46:29","date_gmt":"2023-06-09T15:46:29","guid":{"rendered":"http:\/\/www.libraria-occitana.org\/?post_type=product&#038;p=58125"},"modified":"2026-04-27T05:56:28","modified_gmt":"2026-04-27T03:56:28","slug":"peir-e-lo-lop-libre-cd","status":"publish","type":"product","link":"https:\/\/www.libraria-occitana.org\/oc\/produch\/peir-e-lo-lop-libre-cd\/","title":{"rendered":"Peir e lo lop (libre + CD)"},"content":{"rendered":"<p>Adaptacion dau conte sinfonic de Serg\u00fcei Prokofiev per Joan de Nadau e illustrat per Val\u00e9rie Lalu.<\/p>\n<blockquote><p>Per l'auseu, la fla\u00fcta.<br \/>\nPer lo riton, l'autb\u00f2i.<br \/>\nPer lo pepet, lo basson.<br \/>\nPer los cha\u00e7aires, la gr\u00f2ssa caissa.<br \/>\nPer Peir, los instruments de c\u00f2rdas de l'orquestra.<\/p>\n<p>E per lo lop, qui ?<\/p><\/blockquote>\n<p>Enregistraments emb daus musicaires professionaus, dirijats per Marjorie Claver.<\/p>\n<p>Cicles 1 a 3.<br \/>\nLibreton pedagogic sus <a href=\"https:\/\/www.capoc.fr\/\">https:\/\/www.capoc.fr\/<\/a><\/p>\n","protected":false},"excerpt":{"rendered":"<p>Adaptacion dau conte sinfonic de Serg\u00fcei Prokofiev per Joan de Nadau e illustrat per Val\u00e9rie Lalu. Per l&#8217;auseu, la fla\u00fcta. Per lo riton, l&#8217;autb\u00f2i. Per lo pepet, lo basson. Per los cha\u00e7aires, la gr\u00f2ssa caissa. Per Peir, los instruments de c\u00f2rdas de l&#8217;orquestra. E per lo lop, qui ? Enregistraments emb daus musicaires professionaus, dirijats [&hellip;]<\/p>\n","protected":false},"featured_media":58128,"template":"","meta":{"_acf_changed":false,"_genesis_hide_title":false,"_genesis_hide_breadcrumbs":false,"_genesis_hide_singular_image":false,"_genesis_hide_footer_widgets":false,"_genesis_custom_body_class":"","_genesis_custom_post_class":"","_genesis_layout":""},"product_brand":[],"product_cat":[7171,7165,7133],"product_tag":[],"class_list":{"0":"post-58125","1":"product","2":"type-product","3":"status-publish","4":"has-post-thumbnail","6":"product_cat-drolles-oc","7":"product_cat-jounessa-bd-umor","8":"product_cat-libres-oc","9":"pa_auteur-nadau-joan-de-oc","10":"pa_auteur-prokofiev-serguei-oc","11":"pa_editeur-canope-editions-oc","12":"pa_illustrateur-lalu-valerie-oc","13":"pa_illustrateur-leveque-joan-lois-leveque-jean-louis-oc","14":"pa_langue-occitan-oc","15":"pa_langue-occitan-lemosin-oc","16":"entry","18":"first","19":"instock","20":"shipping-taxable","21":"purchasable","22":"product-type-simple"},"acf":[],"_links":{"self":[{"href":"https:\/\/www.libraria-occitana.org\/oc\/wp-json\/wp\/v2\/product\/58125","targetHints":{"allow":["GET"]}}],"collection":[{"href":"https:\/\/www.libraria-occitana.org\/oc\/wp-json\/wp\/v2\/product"}],"about":[{"href":"https:\/\/www.libraria-occitana.org\/oc\/wp-json\/wp\/v2\/types\/product"}],"wp:featuredmedia":[{"embeddable":true,"href":"https:\/\/www.libraria-occitana.org\/oc\/wp-json\/wp\/v2\/media\/58128"}],"wp:attachment":[{"href":"https:\/\/www.libraria-occitana.org\/oc\/wp-json\/wp\/v2\/media?parent=58125"}],"wp:term":[{"taxonomy":"product_brand","embeddable":true,"href":"https:\/\/www.libraria-occitana.org\/oc\/wp-json\/wp\/v2\/product_brand?post=58125"},{"taxonomy":"product_cat","embeddable":true,"href":"https:\/\/www.libraria-occitana.org\/oc\/wp-json\/wp\/v2\/product_cat?post=58125"},{"taxonomy":"product_tag","embeddable":true,"href":"https:\/\/www.libraria-occitana.org\/oc\/wp-json\/wp\/v2\/product_tag?post=58125"}],"curies":[{"name":"wp","href":"https:\/\/api.w.org\/{rel}","templated":true}]}}

<p>Adaptacion dau conte sinfonic de Sergüei Prokofiev per Joan de Nadau e illustrat per Valérie Lalu.</p>
<blockquote><p>Per l'auseu, la flaüta.<br />
Per lo riton, l'autbòi.<br />
Per lo pepet, lo basson.<br />
Per los chaçaires, la gròssa caissa.<br />
Per Peir, los instruments de còrdas de l'orquestra.</p>
<p>E per lo lop, qui ?</p></blockquote>
<p>Enregistraments emb daus musicaires professionaus, dirijats per Marjorie Claver.</p>
<p>Cicles 1 a 3.<br />
Libreton pedagogic sus <a href="https://www.capoc.fr/">https://www.capoc.fr/</a></p>

<p>Adaptacion dau conte sinfonic de Sergüei Prokofiev per Joan de Nadau e illustrat per Valérie Lalu. Per l&#8217;auseu, la flaüta. Per lo riton, l&#8217;autbòi. Per lo pepet, lo basson. Per los chaçaires, la gròssa caissa. Per Peir, los instruments de còrdas de l&#8217;orquestra. E per lo lop, qui ? Enregistraments emb daus musicaires professionaus, dirijats [&hellip;]</p>
