{"id":59308,"date":"2019-09-22T17:58:30","date_gmt":"2019-09-22T15:58:30","guid":{"rendered":"http:\/\/www.libraria-occitana.org\/?post_type=product&#038;p=59308"},"modified":"2026-04-29T01:36:50","modified_gmt":"2026-04-28T23:36:50","slug":"loges-et-chapitres-du-grand-orient-de-france-en-limousin-du-xviiie-au-xxie-siecl","status":"publish","type":"product","link":"https:\/\/www.libraria-occitana.org\/oc\/produch\/loges-et-chapitres-du-grand-orient-de-france-en-limousin-du-xviiie-au-xxie-siecl\/","title":{"rendered":"Loges et chapitres du Grand Orient de France en Limousin du XVIIIe au XXIe si\u00e8cl"},"content":{"rendered":"<p>En Limousin, la premi\u00e8re trace historique de la franc-ma\u00e7onnerie apparut au c\u0153ur du XVIIIe si\u00e8cle. Vers 1750, elle \u00e9tait d\u00e9j\u00e0 introduite \u00e0 Limoges, Brive, Tulle et Gu\u00e9ret. Des dates certaines r\u00e9v\u00e8lent l&#8217;\u00e9closion, un peu plus tard, de loges (appel\u00e9es aussi \u00ab ateliers \u00bb) \u00e0 Uzerche, Aubusson, La Souterraine et Le Dorat. Dans ces endroits discrets, se rencontraient des aristocrates \u00e9clair\u00e9s et des bourgeois. Tous souhaitaient, en s&#8217;am\u00e9liorant, am\u00e9liorer la soci\u00e9t\u00e9. Ils d\u00e9roulaient des rituels inspir\u00e9s de la Bible, de la philosophie grecque, du savoir des b\u00e2tisseurs de cath\u00e9drales. Ils s&#8217;effor\u00e7aient de structurer leur temple int\u00e9rieur pour mieux \u00e9difier celui de l&#8217;Humanit\u00e9.<\/p>\n<p>La franc-ma\u00e7onnerie a jou\u00e9 un r\u00f4le important dans l&#8217;histoire du Limousin. \u00c0 Limoges, des francs-ma\u00e7ons furent \u00e0 l&#8217;origine de l&#8217;industrie porcelaini\u00e8re et, \u00e0 Tulle, de l&#8217;installation d&#8217;une manufacture d&#8217;armes \u00e0 feu. Aux XIXe et XXe si\u00e8cles, l&#8217;influence des loges s&#8217;est exerc\u00e9e \u00e0 tous les niveaux de la vie \u00e9conomique, politique et sociale. Les francs-ma\u00e7ons limousins du Grand Orient ont men\u00e9 un vigoureux combat pour la libert\u00e9 de conscience et la la\u00efcisation des institutions ; ceux de la Corr\u00e8ze et de la Creuse se sont pr\u00e9occup\u00e9s du mieux-\u00eatre de la population laborieuse. \u00c0 la pointe des utopies sociales, ceux de Limoges mirent en \u0153uvre la coop\u00e9ration et la mutualit\u00e9 naissantes.<\/p>\n<p>Fort de plusieurs ann\u00e9es de recherches dans les archives publiques et priv\u00e9es, Michel Laguionie entame ici un voyage qui commence \u00e0 l&#8217;\u00e9poque des Lumi\u00e8res pour s&#8217;achever \u00e0 l&#8217;aube du XXIe si\u00e8cle. \u00c0 travers cette relation des activit\u00e9s des francs-ma\u00e7ons corr\u00e9ziens, marchois et limougeauds, il fait liti\u00e8re de beaucoup d&#8217;id\u00e9es fausses ancr\u00e9es dans l&#8217;imaginaire populaire et entretenues par les d\u00e9tracteurs de l&#8217;Ordre ma\u00e7onnique.<\/p>\n","protected":false},"excerpt":{"rendered":"<p>En Limousin, la premi\u00e8re trace historique de la franc-ma\u00e7onnerie apparut au c\u0153ur du XVIIIe si\u00e8cle. Vers 1750, elle \u00e9tait d\u00e9j\u00e0 introduite \u00e0 Limoges, Brive, Tulle et Gu\u00e9ret. Des dates certaines r\u00e9v\u00e8lent l&#8217;\u00e9closion, un peu plus tard, de loges (appel\u00e9es aussi \u00ab ateliers \u00bb) \u00e0 Uzerche, Aubusson, La Souterraine et Le Dorat. Dans ces endroits discrets, [&hellip;]<\/p>\n","protected":false},"featured_media":59306,"template":"","meta":{"_acf_changed":false,"_genesis_hide_title":false,"_genesis_hide_breadcrumbs":false,"_genesis_hide_singular_image":false,"_genesis_hide_footer_widgets":false,"_genesis_custom_body_class":"","_genesis_custom_post_class":"","_genesis_layout":""},"product_brand":[],"product_cat":[7159,7149,7133],"product_tag":[],"class_list":{"0":"post-59308","1":"product","2":"type-product","3":"status-publish","4":"has-post-thumbnail","6":"product_cat-istoria-moderna-e-contemporala-oc","7":"product_cat-istoria-geografia-oc","8":"product_cat-libres-oc","9":"pa_auteur-laguionie-michel-oc","10":"pa_editeur-geste-oc","11":"pa_langue-francais-oc","12":"entry","14":"first","15":"instock","16":"shipping-taxable","17":"purchasable","18":"product-type-simple"},"acf":[],"_links":{"self":[{"href":"https:\/\/www.libraria-occitana.org\/oc\/wp-json\/wp\/v2\/product\/59308","targetHints":{"allow":["GET"]}}],"collection":[{"href":"https:\/\/www.libraria-occitana.org\/oc\/wp-json\/wp\/v2\/product"}],"about":[{"href":"https:\/\/www.libraria-occitana.org\/oc\/wp-json\/wp\/v2\/types\/product"}],"wp:featuredmedia":[{"embeddable":true,"href":"https:\/\/www.libraria-occitana.org\/oc\/wp-json\/wp\/v2\/media\/59306"}],"wp:attachment":[{"href":"https:\/\/www.libraria-occitana.org\/oc\/wp-json\/wp\/v2\/media?parent=59308"}],"wp:term":[{"taxonomy":"product_brand","embeddable":true,"href":"https:\/\/www.libraria-occitana.org\/oc\/wp-json\/wp\/v2\/product_brand?post=59308"},{"taxonomy":"product_cat","embeddable":true,"href":"https:\/\/www.libraria-occitana.org\/oc\/wp-json\/wp\/v2\/product_cat?post=59308"},{"taxonomy":"product_tag","embeddable":true,"href":"https:\/\/www.libraria-occitana.org\/oc\/wp-json\/wp\/v2\/product_tag?post=59308"}],"curies":[{"name":"wp","href":"https:\/\/api.w.org\/{rel}","templated":true}]}}

Loges et chapitres du Grand Orient de France en Limousin du XVIIIe au XXIe siècl

<p>En Limousin, la première trace historique de la franc-maçonnerie apparut au cœur du XVIIIe siècle. Vers 1750, elle était déjà introduite à Limoges, Brive, Tulle et Guéret. Des dates certaines révèlent l&#8217;éclosion, un peu plus tard, de loges (appelées aussi « ateliers ») à Uzerche, Aubusson, La Souterraine et Le Dorat. Dans ces endroits discrets, se rencontraient des aristocrates éclairés et des bourgeois. Tous souhaitaient, en s&#8217;améliorant, améliorer la société. Ils déroulaient des rituels inspirés de la Bible, de la philosophie grecque, du savoir des bâtisseurs de cathédrales. Ils s&#8217;efforçaient de structurer leur temple intérieur pour mieux édifier celui de l&#8217;Humanité.</p>
<p>La franc-maçonnerie a joué un rôle important dans l&#8217;histoire du Limousin. À Limoges, des francs-maçons furent à l&#8217;origine de l&#8217;industrie porcelainière et, à Tulle, de l&#8217;installation d&#8217;une manufacture d&#8217;armes à feu. Aux XIXe et XXe siècles, l&#8217;influence des loges s&#8217;est exercée à tous les niveaux de la vie économique, politique et sociale. Les francs-maçons limousins du Grand Orient ont mené un vigoureux combat pour la liberté de conscience et la laïcisation des institutions ; ceux de la Corrèze et de la Creuse se sont préoccupés du mieux-être de la population laborieuse. À la pointe des utopies sociales, ceux de Limoges mirent en œuvre la coopération et la mutualité naissantes.</p>
<p>Fort de plusieurs années de recherches dans les archives publiques et privées, Michel Laguionie entame ici un voyage qui commence à l&#8217;époque des Lumières pour s&#8217;achever à l&#8217;aube du XXIe siècle. À travers cette relation des activités des francs-maçons corréziens, marchois et limougeauds, il fait litière de beaucoup d&#8217;idées fausses ancrées dans l&#8217;imaginaire populaire et entretenues par les détracteurs de l&#8217;Ordre maçonnique.</p>

<p>En Limousin, la première trace historique de la franc-maçonnerie apparut au cœur du XVIIIe siècle. Vers 1750, elle était déjà introduite à Limoges, Brive, Tulle et Guéret. Des dates certaines révèlent l&#8217;éclosion, un peu plus tard, de loges (appelées aussi « ateliers ») à Uzerche, Aubusson, La Souterraine et Le Dorat. Dans ces endroits discrets, [&hellip;]</p>
