{"id":60587,"date":"2007-05-11T12:38:46","date_gmt":"2007-05-11T10:38:46","guid":{"rendered":"http:\/\/www.libraria-occitana.org\/?post_type=product&#038;p=60587"},"modified":"2026-04-29T01:06:43","modified_gmt":"2026-04-28T23:06:43","slug":"les-langues-deurope-le-francais-au-coeur-des-langues-deurope-lesperanto-au-au-coeur-des-langues-deurope","status":"publish","type":"product","link":"https:\/\/www.libraria-occitana.org\/oc\/produch\/les-langues-deurope-le-francais-au-coeur-des-langues-deurope-lesperanto-au-au-coeur-des-langues-deurope\/","title":{"rendered":"Les langues d&#8217;Europe : Le fran\u00e7ais au c\u0153ur des langues d&#8217;Europe, L&#8217;esp\u00e9ranto au au c\u0153ur des langues d&#8217;Europe"},"content":{"rendered":"<p>La journ\u00e9e europ\u00e9enne des langues, organis\u00e9e tous les ans depuis 2001 dans les quarante-six pays membres du Conseil de l&#8217;Europe, place toutes les langues d&#8217;Europe et leurs cultures \u00e0 \u00e9galit\u00e9, avec la devise : <strong>unis dans la diversit\u00e9<\/strong>.<\/p>\n<p>Le plurilinguisme est une condition de l&#8217;\u00e9mergence d&#8217;une conscience europ\u00e9enne et d&#8217;une citoyennet\u00e9 europ\u00e9enne active. Il est une composante essentielle de l&#8217;identit\u00e9 europ\u00e9enne et de chaque ressortissant. Il est l&#8217;accompagnement n\u00e9cessaire de la diversit\u00e9 culturelle et du respect des personnes, condition absolue du d\u00e9veloppement individuel et professionnel de chacun.<\/p>\n<p>L&#8217;Europe ne peut exister si elle n&#8217;est pas port\u00e9e par un puissant mouvement culturel, \u00e9conomique et social. Le multilinguisme, richesse de notre continent, la culture sp\u00e9cifique de l&#8217;espace europ\u00e9en, les instances europ\u00e9ennes qui proposent le dialogue des cultures et des langues, l&#8217;unit\u00e9 dans la diversit\u00e9, voil\u00e0 qui justifie une question forte et fondamentale que beaucoup de citoyens europ\u00e9ens se posent :<\/p>\n<p><strong>Quelle(S) langue(S) pour l&#8217;Union europ\u00e9enne ?<\/strong><br \/>\nLe pr\u00e9sent essai ne saurait sugg\u00e9rer une r\u00e9ponse ; il propose un voyage \u00e0 l&#8217;int\u00e9rieur des langues d&#8217;Europe, dans le temps et dans l&#8217;espace ; c&#8217;est le voyage d&#8217;un citoyen europ\u00e9en convaincu au sein de la culture linguistique sp\u00e9cifique et unique de notre continent, l&#8217;Europe.<\/p>\n","protected":false},"excerpt":{"rendered":"<p>La journ\u00e9e europ\u00e9enne des langues, organis\u00e9e tous les ans depuis 2001 dans les quarante-six pays membres du Conseil de l&#8217;Europe, place toutes les langues d&#8217;Europe et leurs cultures \u00e0 \u00e9galit\u00e9, avec la devise : unis dans la diversit\u00e9. Le plurilinguisme est une condition de l&#8217;\u00e9mergence d&#8217;une conscience europ\u00e9enne et d&#8217;une citoyennet\u00e9 europ\u00e9enne active. Il est [&hellip;]<\/p>\n","protected":false},"featured_media":60590,"template":"","meta":{"_acf_changed":false,"_genesis_hide_title":false,"_genesis_hide_breadcrumbs":false,"_genesis_hide_singular_image":false,"_genesis_hide_footer_widgets":false,"_genesis_custom_body_class":"","_genesis_custom_post_class":"","_genesis_layout":""},"product_brand":[],"product_cat":[7133,7203],"product_tag":[],"class_list":{"0":"post-60587","1":"product","2":"type-product","3":"status-publish","4":"has-post-thumbnail","6":"product_cat-libres-oc","7":"product_cat-politica-sociologia-actualitat-oc","8":"pa_auteur-gueguen-raymond-oc","9":"pa_editeur-edilivre-com-oc","10":"pa_langue-francais-oc","11":"entry","13":"first","14":"outofstock","15":"shipping-taxable","16":"purchasable","17":"product-type-simple"},"acf":[],"_links":{"self":[{"href":"https:\/\/www.libraria-occitana.org\/oc\/wp-json\/wp\/v2\/product\/60587","targetHints":{"allow":["GET"]}}],"collection":[{"href":"https:\/\/www.libraria-occitana.org\/oc\/wp-json\/wp\/v2\/product"}],"about":[{"href":"https:\/\/www.libraria-occitana.org\/oc\/wp-json\/wp\/v2\/types\/product"}],"wp:featuredmedia":[{"embeddable":true,"href":"https:\/\/www.libraria-occitana.org\/oc\/wp-json\/wp\/v2\/media\/60590"}],"wp:attachment":[{"href":"https:\/\/www.libraria-occitana.org\/oc\/wp-json\/wp\/v2\/media?parent=60587"}],"wp:term":[{"taxonomy":"product_brand","embeddable":true,"href":"https:\/\/www.libraria-occitana.org\/oc\/wp-json\/wp\/v2\/product_brand?post=60587"},{"taxonomy":"product_cat","embeddable":true,"href":"https:\/\/www.libraria-occitana.org\/oc\/wp-json\/wp\/v2\/product_cat?post=60587"},{"taxonomy":"product_tag","embeddable":true,"href":"https:\/\/www.libraria-occitana.org\/oc\/wp-json\/wp\/v2\/product_tag?post=60587"}],"curies":[{"name":"wp","href":"https:\/\/api.w.org\/{rel}","templated":true}]}}

Les langues d&#8217;Europe : Le français au cœur des langues d&#8217;Europe, L&#8217;espéranto au au cœur des langues d&#8217;Europe

<p>La journée européenne des langues, organisée tous les ans depuis 2001 dans les quarante-six pays membres du Conseil de l&#8217;Europe, place toutes les langues d&#8217;Europe et leurs cultures à égalité, avec la devise : <strong>unis dans la diversité</strong>.</p>
<p>Le plurilinguisme est une condition de l&#8217;émergence d&#8217;une conscience européenne et d&#8217;une citoyenneté européenne active. Il est une composante essentielle de l&#8217;identité européenne et de chaque ressortissant. Il est l&#8217;accompagnement nécessaire de la diversité culturelle et du respect des personnes, condition absolue du développement individuel et professionnel de chacun.</p>
<p>L&#8217;Europe ne peut exister si elle n&#8217;est pas portée par un puissant mouvement culturel, économique et social. Le multilinguisme, richesse de notre continent, la culture spécifique de l&#8217;espace européen, les instances européennes qui proposent le dialogue des cultures et des langues, l&#8217;unité dans la diversité, voilà qui justifie une question forte et fondamentale que beaucoup de citoyens européens se posent :</p>
<p><strong>Quelle(S) langue(S) pour l&#8217;Union européenne ?</strong><br />
Le présent essai ne saurait suggérer une réponse ; il propose un voyage à l&#8217;intérieur des langues d&#8217;Europe, dans le temps et dans l&#8217;espace ; c&#8217;est le voyage d&#8217;un citoyen européen convaincu au sein de la culture linguistique spécifique et unique de notre continent, l&#8217;Europe.</p>

<p>La journée européenne des langues, organisée tous les ans depuis 2001 dans les quarante-six pays membres du Conseil de l&#8217;Europe, place toutes les langues d&#8217;Europe et leurs cultures à égalité, avec la devise : unis dans la diversité. Le plurilinguisme est une condition de l&#8217;émergence d&#8217;une conscience européenne et d&#8217;une citoyenneté européenne active. Il est [&hellip;]</p>
