{"id":61871,"date":"2025-05-30T09:34:11","date_gmt":"2025-05-30T07:34:11","guid":{"rendered":"https:\/\/www.libraria-occitana.org\/?post_type=product&#038;p=61871"},"modified":"2026-04-29T10:44:43","modified_gmt":"2026-04-29T08:44:43","slug":"meschant-temps-maraval","status":"publish","type":"product","link":"https:\/\/www.libraria-occitana.org\/oc\/produch\/meschant-temps-maraval\/","title":{"rendered":"Meschant temps Maraval !"},"content":{"rendered":"<blockquote><p>Lo parc de Barra Miegjorn era plan plasent, d\u2019avesat. En questa fin d\u2019aprep miegjorn d\u2019oct\u00f2bre, los rais obliques dau solelh auri\u00e1n degut esflambejar lo tap\u00eds de fuelhas rossas que los grands aubres \u2018vi\u00e1n desj\u00e0 escampilhadas per las al\u00e8ias e las pelusas. Mas i avi\u00e1 quauquaren que empaichava de jauvir completament de l\u2019espectacle. Qu\u00f2 era un c\u00f2rs esplamit de bocha-dents meitat sus l\u2019erba e la gravilha. Una femna. Gr\u00f2ssa. Vielha. M\u00f2rta.<\/p><\/blockquote>\n<p>La darriera enquesta \u2013 la darriera de las darrieras \u2013 de la lonja carriera d\u2019Alexandre Darnauguilhem, lo fam\u00f3s comissari de Maraval, en Nauta Dordonha.<\/p>\n","protected":false},"excerpt":{"rendered":"<p>Lo parc de Barra Miegjorn era plan plasent, d\u2019avesat. En questa fin d\u2019aprep miegjorn d\u2019oct\u00f2bre, los rais obliques dau solelh auri\u00e1n degut esflambejar lo tap\u00eds de fuelhas rossas que los grands aubres \u2018vi\u00e1n desj\u00e0 escampilhadas per las al\u00e8ias e las pelusas. Mas i avi\u00e1 quauquaren que empaichava de jauvir completament de l\u2019espectacle. Qu\u00f2 era un [&hellip;]<\/p>\n","protected":false},"featured_media":61874,"template":"","meta":{"_acf_changed":false,"_genesis_hide_title":false,"_genesis_hide_breadcrumbs":false,"_genesis_hide_singular_image":false,"_genesis_hide_footer_widgets":false,"_genesis_custom_body_class":"","_genesis_custom_post_class":"","_genesis_layout":""},"product_brand":[],"product_cat":[7133,7175,7183],"product_tag":[],"class_list":{"0":"post-61871","1":"product","2":"type-product","3":"status-publish","4":"has-post-thumbnail","6":"product_cat-libres-oc","7":"product_cat-literatura-oc","8":"product_cat-romans-novelas-oc","9":"pa_auteur-ganhaire-joan-oc","10":"pa_editeur-ieo-fr-oc","11":"pa_langue-occitan-oc","12":"pa_langue-occitan-lemosin-oc","13":"entry","15":"first","16":"instock","17":"shipping-taxable","18":"purchasable","19":"product-type-simple"},"acf":[],"_links":{"self":[{"href":"https:\/\/www.libraria-occitana.org\/oc\/wp-json\/wp\/v2\/product\/61871","targetHints":{"allow":["GET"]}}],"collection":[{"href":"https:\/\/www.libraria-occitana.org\/oc\/wp-json\/wp\/v2\/product"}],"about":[{"href":"https:\/\/www.libraria-occitana.org\/oc\/wp-json\/wp\/v2\/types\/product"}],"wp:featuredmedia":[{"embeddable":true,"href":"https:\/\/www.libraria-occitana.org\/oc\/wp-json\/wp\/v2\/media\/61874"}],"wp:attachment":[{"href":"https:\/\/www.libraria-occitana.org\/oc\/wp-json\/wp\/v2\/media?parent=61871"}],"wp:term":[{"taxonomy":"product_brand","embeddable":true,"href":"https:\/\/www.libraria-occitana.org\/oc\/wp-json\/wp\/v2\/product_brand?post=61871"},{"taxonomy":"product_cat","embeddable":true,"href":"https:\/\/www.libraria-occitana.org\/oc\/wp-json\/wp\/v2\/product_cat?post=61871"},{"taxonomy":"product_tag","embeddable":true,"href":"https:\/\/www.libraria-occitana.org\/oc\/wp-json\/wp\/v2\/product_tag?post=61871"}],"curies":[{"name":"wp","href":"https:\/\/api.w.org\/{rel}","templated":true}]}}

<blockquote><p>Lo parc de Barra Miegjorn era plan plasent, d’avesat. En questa fin d’aprep miegjorn d’octòbre, los rais obliques dau solelh aurián degut esflambejar lo tapís de fuelhas rossas que los grands aubres ‘vián desjà escampilhadas per las alèias e las pelusas. Mas i aviá quauquaren que empaichava de jauvir completament de l’espectacle. Quò era un còrs esplamit de bocha-dents meitat sus l’erba e la gravilha. Una femna. Gròssa. Vielha. Mòrta.</p></blockquote>
<p>La darriera enquesta – la darriera de las darrieras – de la lonja carriera d’Alexandre Darnauguilhem, lo famós comissari de Maraval, en Nauta Dordonha.</p>

<p>Lo parc de Barra Miegjorn era plan plasent, d’avesat. En questa fin d’aprep miegjorn d’octòbre, los rais obliques dau solelh aurián degut esflambejar lo tapís de fuelhas rossas que los grands aubres ‘vián desjà escampilhadas per las alèias e las pelusas. Mas i aviá quauquaren que empaichava de jauvir completament de l’espectacle. Quò era un [&hellip;]</p>
