{"id":62068,"date":"2026-08-31T17:41:49","date_gmt":"2026-08-31T15:41:49","guid":{"rendered":"https:\/\/www.libraria-occitana.org\/?post_type=product&#038;p=62068"},"modified":"2026-08-31T17:42:01","modified_gmt":"2026-08-31T15:42:01","slug":"traversas-audio","status":"publish","type":"product","link":"https:\/\/www.libraria-occitana.org\/oc\/produch\/traversas-audio\/","title":{"rendered":"TRAVERSAS &#8211; AUDIO"},"content":{"rendered":"<p style=\"margin:0;\"><span style=\"font-family:Roboto;font-size:10pt;color:#2D2D2D;\">Barrut concr\u00e9tise ici un projet pr\u00e9par\u00e9 depuis quelques ann\u00e9es : un album a cappella.<\/span><\/p>\n<p style=\"margin:0;\"><span style=\"font-family:Roboto;font-size:10pt;color:#2D2D2D;\">Trav\u00e8rsas, c&#8217;est un enracinement fertile. Les voix de ces femmes et de ces hommes a cappella nous transmettent la force et la profondeur de nos vies, font parler les anc\u00eatres, et chantent en occitan les r\u00e9voltes. Une po\u00e9sie puissante, \u00e9manant d&#8217;un imaginaire commun, d&#8217;histoires v\u00e9cues \u00e0 coeur ouvert, de joies et de peines ou d&#8217;injustices, dans une harmonie subtile et savante.<\/span><\/p>\n<p style=\"margin:0;\">&nbsp;<\/p>\n<p style=\"margin:0;\"><span style=\"font-family:Roboto;font-size:10pt;font-weight:bold;color:#2D2D2D;\">Titres :<\/span><\/p>\n<p style=\"margin:0;\"><span style=\"font-family:Roboto;font-size:10pt;color:#000000;\">1. Veir\u00e0s te menarai 3&#8217;27<\/span><\/p>\n<p style=\"margin:0;\"><span style=\"font-family:Roboto;font-size:10pt;color:#000000;\">2. Reina 5&#8217;51<\/span><\/p>\n<p style=\"margin:0;\"><span style=\"font-family:Roboto;font-size:10pt;color:#000000;\">3. Pl\u00f2u d&#8217;estelas 1&#8217;37<\/span><\/p>\n<p style=\"margin:0;\"><span style=\"font-family:Roboto;font-size:10pt;color:#000000;\">4. Tr\u00f2n 6&#8217;19<\/span><\/p>\n<p style=\"margin:0;\"><span style=\"font-family:Roboto;font-size:10pt;color:#000000;\">5. Parten\u00e7a 4&#8217;05<\/span><\/p>\n<p style=\"margin:0;\"><span style=\"font-family:Roboto;font-size:10pt;color:#000000;\">6. Tarra di lana 3&#8217;12<\/span><\/p>\n<p style=\"margin:0;\"><span style=\"font-family:Roboto;font-size:10pt;color:#000000;\">7. L&#8217;aute jorn dins l&#8217;\u00f2rt 2&#8217;08<\/span><\/p>\n<p style=\"margin:0;\">&nbsp;<\/p>\n<p style=\"margin:0;\"><span style=\"font-family:Roboto;font-size:10pt;color:#000000;\">Autor : Barrut<\/span><\/p>\n<p style=\"margin:0;\"><span style=\"font-family:Roboto;font-size:10pt;color:#000000;\">Parucion : 02\/2025<\/span><\/p>\n<p style=\"margin:0;\"><span style=\"font-family:Roboto;font-size:10pt;color:#000000;\">Editor : Ox&#8217;ivent<\/span><\/p>\n<p style=\"margin:0;\"><span style=\"font-family:Roboto;font-size:10pt;color:#000000;\">Format : Digisleeve 2 volets<\/span><\/p>\n<p style=\"margin:0;\"><span style=\"font-family:Roboto;font-size:10pt;color:#000000;\">Durada : 26&#8217;39<\/span><\/p>\n<p style=\"margin:0;\"><span style=\"font-family:Roboto;font-size:10pt;color:#000000;\">P\u00e9s : 50 g<\/span><\/p>\n<p style=\"margin:0;\"><span style=\"font-family:Roboto;font-size:10pt;color:#000000;\">EAN 13 : 3666946006871<\/span><\/p>\n","protected":false},"excerpt":{"rendered":"<p>Barrut concr\u00e9tise ici un projet pr\u00e9par\u00e9 depuis quelques ann\u00e9es : un album a cappella. Trav\u00e8rsas, c&#8217;est un enracinement fertile. Les voix de ces femmes et de ces hommes a cappella nous transmettent la force et la profondeur de nos vies, font parler les anc\u00eatres, et chantent en occitan les r\u00e9voltes. Une po\u00e9sie puissante, \u00e9manant d&#8217;un [&hellip;]<\/p>\n","protected":false},"featured_media":0,"template":"","meta":{"_acf_changed":false,"_genesis_hide_title":false,"_genesis_hide_breadcrumbs":false,"_genesis_hide_singular_image":false,"_genesis_hide_footer_widgets":false,"_genesis_custom_body_class":"","_genesis_custom_post_class":"","_genesis_layout":""},"product_brand":[],"product_cat":[16683,16136,7231],"product_tag":[],"class_list":["post-62068","product","type-product","status-publish","product_cat-musica-oc","product_cat-non-classe-oc","product_cat-polifonias-oc","pa_auteur-barrut-oc","pa_editeur-oxivent-oc","pa_editeurs-ox-ivent","pa_langue-occitan-oc","pa_langue-occitan-lengadocian-oc","entry","has-post-thumbnail","first","instock","purchasable","product-type-simple"],"acf":[],"_links":{"self":[{"href":"https:\/\/www.libraria-occitana.org\/oc\/wp-json\/wp\/v2\/product\/62068","targetHints":{"allow":["GET"]}}],"collection":[{"href":"https:\/\/www.libraria-occitana.org\/oc\/wp-json\/wp\/v2\/product"}],"about":[{"href":"https:\/\/www.libraria-occitana.org\/oc\/wp-json\/wp\/v2\/types\/product"}],"wp:attachment":[{"href":"https:\/\/www.libraria-occitana.org\/oc\/wp-json\/wp\/v2\/media?parent=62068"}],"wp:term":[{"taxonomy":"product_brand","embeddable":true,"href":"https:\/\/www.libraria-occitana.org\/oc\/wp-json\/wp\/v2\/product_brand?post=62068"},{"taxonomy":"product_cat","embeddable":true,"href":"https:\/\/www.libraria-occitana.org\/oc\/wp-json\/wp\/v2\/product_cat?post=62068"},{"taxonomy":"product_tag","embeddable":true,"href":"https:\/\/www.libraria-occitana.org\/oc\/wp-json\/wp\/v2\/product_tag?post=62068"}],"curies":[{"name":"wp","href":"https:\/\/api.w.org\/{rel}","templated":true}]}}

<p style="margin:0;"><span style="font-family:Roboto;font-size:10pt;color:#2D2D2D;">Barrut concrétise ici un projet préparé depuis quelques années : un album a cappella.</span></p>
<p style="margin:0;"><span style="font-family:Roboto;font-size:10pt;color:#2D2D2D;">Travèrsas, c&#8217;est un enracinement fertile. Les voix de ces femmes et de ces hommes a cappella nous transmettent la force et la profondeur de nos vies, font parler les ancêtres, et chantent en occitan les révoltes. Une poésie puissante, émanant d&#8217;un imaginaire commun, d&#8217;histoires vécues à coeur ouvert, de joies et de peines ou d&#8217;injustices, dans une harmonie subtile et savante.</span></p>
<p style="margin:0;">&nbsp;</p>
<p style="margin:0;"><span style="font-family:Roboto;font-size:10pt;font-weight:bold;color:#2D2D2D;">Titres :</span></p>
<p style="margin:0;"><span style="font-family:Roboto;font-size:10pt;color:#000000;">1. Veiràs te menarai 3&#8217;27</span></p>
<p style="margin:0;"><span style="font-family:Roboto;font-size:10pt;color:#000000;">2. Reina 5&#8217;51</span></p>
<p style="margin:0;"><span style="font-family:Roboto;font-size:10pt;color:#000000;">3. Plòu d&#8217;estelas 1&#8217;37</span></p>
<p style="margin:0;"><span style="font-family:Roboto;font-size:10pt;color:#000000;">4. Tròn 6&#8217;19</span></p>
<p style="margin:0;"><span style="font-family:Roboto;font-size:10pt;color:#000000;">5. Partença 4&#8217;05</span></p>
<p style="margin:0;"><span style="font-family:Roboto;font-size:10pt;color:#000000;">6. Tarra di lana 3&#8217;12</span></p>
<p style="margin:0;"><span style="font-family:Roboto;font-size:10pt;color:#000000;">7. L&#8217;aute jorn dins l&#8217;òrt 2&#8217;08</span></p>
<p style="margin:0;">&nbsp;</p>
<p style="margin:0;"><span style="font-family:Roboto;font-size:10pt;color:#000000;">Autor : Barrut</span></p>
<p style="margin:0;"><span style="font-family:Roboto;font-size:10pt;color:#000000;">Parucion : 02/2025</span></p>
<p style="margin:0;"><span style="font-family:Roboto;font-size:10pt;color:#000000;">Editor : Ox&#8217;ivent</span></p>
<p style="margin:0;"><span style="font-family:Roboto;font-size:10pt;color:#000000;">Format : Digisleeve 2 volets</span></p>
<p style="margin:0;"><span style="font-family:Roboto;font-size:10pt;color:#000000;">Durada : 26&#8217;39</span></p>
<p style="margin:0;"><span style="font-family:Roboto;font-size:10pt;color:#000000;">Pés : 50 g</span></p>
<p style="margin:0;"><span style="font-family:Roboto;font-size:10pt;color:#000000;">EAN 13 : 3666946006871</span></p>

<p>Barrut concrétise ici un projet préparé depuis quelques années : un album a cappella. Travèrsas, c&#8217;est un enracinement fertile. Les voix de ces femmes et de ces hommes a cappella nous transmettent la force et la profondeur de nos vies, font parler les ancêtres, et chantent en occitan les révoltes. Une poésie puissante, émanant d&#8217;un [&hellip;]</p>
