{"id":62313,"date":"2025-09-13T13:04:19","date_gmt":"2025-09-13T11:04:19","guid":{"rendered":"https:\/\/www.libraria-occitana.org\/?post_type=product&#038;p=62313"},"modified":"2026-04-29T01:46:47","modified_gmt":"2026-04-28T23:46:47","slug":"le-limousin-raconte-par-la-nature","status":"publish","type":"product","link":"https:\/\/www.libraria-occitana.org\/oc\/produch\/le-limousin-raconte-par-la-nature\/","title":{"rendered":"Le Limousin racont\u00e9 par la nature"},"content":{"rendered":"<p>D\u00e9couvrir le Limousin \u00e0 travers sa faune et sa flore.<br \/>\nM\u00eame si le Limousin n\u2019est plus une entit\u00e9 administrative, il existe encore par sa nature. Pour qui aime le parcourir ou le regarder, cette nature nous parle. C\u2019est au fil des saisons et des milieux, en pleines for\u00eats ou dans les chemins, au milieu des champs, au bord des eaux calmes des \u00e9tangs ou celles tumultueuses des rivi\u00e8res que ce livre vous emporte. Des plantes, des insectes, des oiseaux, des mammif\u00e8res occupent ces espaces. Et ces esp\u00e8ces ne sont pas l\u00e0 \u00ab par hasard \u00bb. Leur pr\u00e9sence ou leur absence trahissent beaucoup de petits ou de grands \u00ab secrets \u00bb que les naturalistes aiment \u00e0 conna\u00eetre.<\/p>\n","protected":false},"excerpt":{"rendered":"<p>D\u00e9couvrir le Limousin \u00e0 travers sa faune et sa flore. M\u00eame si le Limousin n\u2019est plus une entit\u00e9 administrative, il existe encore par sa nature. Pour qui aime le parcourir ou le regarder, cette nature nous parle. C\u2019est au fil des saisons et des milieux, en pleines for\u00eats ou dans les chemins, au milieu des [&hellip;]<\/p>\n","protected":false},"featured_media":62316,"template":"","meta":{"_acf_changed":false,"_genesis_hide_title":false,"_genesis_hide_breadcrumbs":false,"_genesis_hide_singular_image":false,"_genesis_hide_footer_widgets":false,"_genesis_custom_body_class":"","_genesis_custom_post_class":"","_genesis_layout":""},"product_brand":[],"product_cat":[7133,7197,7201],"product_tag":[],"class_list":{"0":"post-62313","1":"product","2":"type-product","3":"status-publish","4":"has-post-thumbnail","6":"product_cat-libres-oc","7":"product_cat-natura-torisme-oc","8":"product_cat-natura-vargier-oc","9":"pa_auteur-rabache-jean-jacques-oc","10":"pa_editeur-geste-oc","11":"pa_langue-francais-oc","12":"entry","14":"first","15":"instock","16":"shipping-taxable","17":"purchasable","18":"product-type-simple"},"acf":[],"_links":{"self":[{"href":"https:\/\/www.libraria-occitana.org\/oc\/wp-json\/wp\/v2\/product\/62313","targetHints":{"allow":["GET"]}}],"collection":[{"href":"https:\/\/www.libraria-occitana.org\/oc\/wp-json\/wp\/v2\/product"}],"about":[{"href":"https:\/\/www.libraria-occitana.org\/oc\/wp-json\/wp\/v2\/types\/product"}],"wp:featuredmedia":[{"embeddable":true,"href":"https:\/\/www.libraria-occitana.org\/oc\/wp-json\/wp\/v2\/media\/62316"}],"wp:attachment":[{"href":"https:\/\/www.libraria-occitana.org\/oc\/wp-json\/wp\/v2\/media?parent=62313"}],"wp:term":[{"taxonomy":"product_brand","embeddable":true,"href":"https:\/\/www.libraria-occitana.org\/oc\/wp-json\/wp\/v2\/product_brand?post=62313"},{"taxonomy":"product_cat","embeddable":true,"href":"https:\/\/www.libraria-occitana.org\/oc\/wp-json\/wp\/v2\/product_cat?post=62313"},{"taxonomy":"product_tag","embeddable":true,"href":"https:\/\/www.libraria-occitana.org\/oc\/wp-json\/wp\/v2\/product_tag?post=62313"}],"curies":[{"name":"wp","href":"https:\/\/api.w.org\/{rel}","templated":true}]}}

Le Limousin raconté par la nature

<p>Découvrir le Limousin à travers sa faune et sa flore.<br />
Même si le Limousin n’est plus une entité administrative, il existe encore par sa nature. Pour qui aime le parcourir ou le regarder, cette nature nous parle. C’est au fil des saisons et des milieux, en pleines forêts ou dans les chemins, au milieu des champs, au bord des eaux calmes des étangs ou celles tumultueuses des rivières que ce livre vous emporte. Des plantes, des insectes, des oiseaux, des mammifères occupent ces espaces. Et ces espèces ne sont pas là « par hasard ». Leur présence ou leur absence trahissent beaucoup de petits ou de grands « secrets » que les naturalistes aiment à connaître.</p>

<p>Découvrir le Limousin à travers sa faune et sa flore. Même si le Limousin n’est plus une entité administrative, il existe encore par sa nature. Pour qui aime le parcourir ou le regarder, cette nature nous parle. C’est au fil des saisons et des milieux, en pleines forêts ou dans les chemins, au milieu des [&hellip;]</p>
