{"id":62386,"date":"2005-04-24T18:52:34","date_gmt":"2005-04-24T16:52:34","guid":{"rendered":"https:\/\/www.libraria-occitana.org\/?post_type=product&#038;p=62386"},"modified":"2026-04-29T11:03:31","modified_gmt":"2026-04-29T09:03:31","slug":"faula-fable","status":"publish","type":"product","link":"https:\/\/www.libraria-occitana.org\/oc\/produch\/faula-fable\/","title":{"rendered":"Faula \u2013 Fable"},"content":{"rendered":"<p>Bernard Manciet construit patiemment une \u0153uvre qui s\u2019impose par sa seule force comme l\u2019une des plus hautes, des plus abouties de notre \u00e9poque. <em>Fable<\/em>, in\u00e9dit depuis vingt-cinq ans, \u00e9tait install\u00e9 dans la \u00ab mythologie \u00bb de Manciet, comme <em>\u00c9loge de la rose<\/em> ou <em>Odes<\/em>\u2026 En voici enfin la publication.<\/p>\n<p>Bilingue. Traduit de l&#8217;occitan par l&#8217;auteur.<\/p>\n","protected":false},"excerpt":{"rendered":"<p>Bernard Manciet construit patiemment une \u0153uvre qui s\u2019impose par sa seule force comme l\u2019une des plus hautes, des plus abouties de notre \u00e9poque. Fable, in\u00e9dit depuis vingt-cinq ans, \u00e9tait install\u00e9 dans la \u00ab mythologie \u00bb de Manciet, comme \u00c9loge de la rose ou Odes\u2026 En voici enfin la publication. Bilingue. Traduit de l&#8217;occitan par l&#8217;auteur.<\/p>\n","protected":false},"featured_media":62389,"template":"","meta":{"_acf_changed":false,"_genesis_hide_title":false,"_genesis_hide_breadcrumbs":false,"_genesis_hide_singular_image":false,"_genesis_hide_footer_widgets":false,"_genesis_custom_body_class":"","_genesis_custom_post_class":"","_genesis_layout":""},"product_brand":[],"product_cat":[7133,7175,7181],"product_tag":[],"class_list":{"0":"post-62386","1":"product","2":"type-product","3":"status-publish","4":"has-post-thumbnail","6":"product_cat-libres-oc","7":"product_cat-literatura-oc","8":"product_cat-poesia-oc","9":"pa_auteur-manciet-bernat-oc","10":"pa_editeur-lescampette-oc","11":"pa_langue-occitan-gascon-oc","12":"pa_langue-occitan-francais-oc","13":"entry","15":"first","16":"instock","17":"shipping-taxable","18":"purchasable","19":"product-type-simple"},"acf":[],"_links":{"self":[{"href":"https:\/\/www.libraria-occitana.org\/oc\/wp-json\/wp\/v2\/product\/62386","targetHints":{"allow":["GET"]}}],"collection":[{"href":"https:\/\/www.libraria-occitana.org\/oc\/wp-json\/wp\/v2\/product"}],"about":[{"href":"https:\/\/www.libraria-occitana.org\/oc\/wp-json\/wp\/v2\/types\/product"}],"wp:featuredmedia":[{"embeddable":true,"href":"https:\/\/www.libraria-occitana.org\/oc\/wp-json\/wp\/v2\/media\/62389"}],"wp:attachment":[{"href":"https:\/\/www.libraria-occitana.org\/oc\/wp-json\/wp\/v2\/media?parent=62386"}],"wp:term":[{"taxonomy":"product_brand","embeddable":true,"href":"https:\/\/www.libraria-occitana.org\/oc\/wp-json\/wp\/v2\/product_brand?post=62386"},{"taxonomy":"product_cat","embeddable":true,"href":"https:\/\/www.libraria-occitana.org\/oc\/wp-json\/wp\/v2\/product_cat?post=62386"},{"taxonomy":"product_tag","embeddable":true,"href":"https:\/\/www.libraria-occitana.org\/oc\/wp-json\/wp\/v2\/product_tag?post=62386"}],"curies":[{"name":"wp","href":"https:\/\/api.w.org\/{rel}","templated":true}]}}

<p>Bernard Manciet construit patiemment une œuvre qui s’impose par sa seule force comme l’une des plus hautes, des plus abouties de notre époque. <em>Fable</em>, inédit depuis vingt-cinq ans, était installé dans la « mythologie » de Manciet, comme <em>Éloge de la rose</em> ou <em>Odes</em>… En voici enfin la publication.</p>
<p>Bilingue. Traduit de l&#8217;occitan par l&#8217;auteur.</p>

<p>Bernard Manciet construit patiemment une œuvre qui s’impose par sa seule force comme l’une des plus hautes, des plus abouties de notre époque. Fable, inédit depuis vingt-cinq ans, était installé dans la « mythologie » de Manciet, comme Éloge de la rose ou Odes… En voici enfin la publication. Bilingue. Traduit de l&#8217;occitan par l&#8217;auteur.</p>
