{"id":62690,"date":"2025-10-10T11:20:35","date_gmt":"2025-10-10T09:20:35","guid":{"rendered":"https:\/\/www.libraria-occitana.org\/?post_type=product&#038;p=62690"},"modified":"2026-04-29T05:01:13","modified_gmt":"2026-04-29T03:01:13","slug":"mans-de-breish-lo-reialme-dal-colobret","status":"publish","type":"product","link":"https:\/\/www.libraria-occitana.org\/oc\/produch\/mans-de-breish-lo-reialme-dal-colobret\/","title":{"rendered":"Mans de Breish : Lo reialme dal colobret"},"content":{"rendered":"<p>Nascut en 1949 a Carcassona, Mans de Breish, escais balhat pels amics dal lic\u00e8u, participa, a la fin de las annadas sessenta, al costat de Claude Marti e de qualques autres, a la debuta de la n\u00f2va can\u00e7on occitana. Dins aquel documentari, ev\u00f2ca son enf\u00e0ncia e sa joventut a Carcassona, son primier disc sus unes po\u00e8mas de Joan Bodon, sos concerts au Larzac o en sosten a las lutas vitic\u00f2las, sos rescontres ambe Claude Nougaro o Paco Iba\u00f1ez, o encara sa can\u00e7on Lo Lauquet venguda emblematica de la f\u00e8sta a Lad\u00e8rn.<\/p>\n<p>Lo filme es enriquit per unas fotografias ancianas e per d\u2019extrachs de conc\u00e8rts filmats entre 2023 e 2025 dins Aude (Lad\u00e8rn, Vilamostausson) e a Bord\u00e8u.<\/p>\n<p>En occitan, jostitolat en franc\u00e9s.<\/p>\n","protected":false},"excerpt":{"rendered":"<p>Nascut en 1949 a Carcassona, Mans de Breish, escais balhat pels amics dal lic\u00e8u, participa, a la fin de las annadas sessenta, al costat de Claude Marti e de qualques autres, a la debuta de la n\u00f2va can\u00e7on occitana. Dins aquel documentari, ev\u00f2ca son enf\u00e0ncia e sa joventut a Carcassona, son primier disc sus unes [&hellip;]<\/p>\n","protected":false},"featured_media":62693,"template":"","meta":{"_acf_changed":false,"_genesis_hide_title":false,"_genesis_hide_breadcrumbs":false,"_genesis_hide_singular_image":false,"_genesis_hide_footer_widgets":false,"_genesis_custom_body_class":"","_genesis_custom_post_class":"","_genesis_layout":""},"product_brand":[],"product_cat":[7248,7240],"product_tag":[],"class_list":{"0":"post-62690","1":"product","2":"type-product","3":"status-publish","4":"has-post-thumbnail","6":"product_cat-musica-literatura-oc","7":"product_cat-video-oc","8":"pa_auteur-lavaud-patrick-oc","9":"pa_editeur-les-nuits-atypiques-oc","10":"pa_langue-occitan-lengadocian-oc","11":"pa_langue-occitan-francais-oc","12":"entry","14":"first","15":"instock","16":"shipping-taxable","17":"purchasable","18":"product-type-simple"},"acf":[],"_links":{"self":[{"href":"https:\/\/www.libraria-occitana.org\/oc\/wp-json\/wp\/v2\/product\/62690","targetHints":{"allow":["GET"]}}],"collection":[{"href":"https:\/\/www.libraria-occitana.org\/oc\/wp-json\/wp\/v2\/product"}],"about":[{"href":"https:\/\/www.libraria-occitana.org\/oc\/wp-json\/wp\/v2\/types\/product"}],"wp:featuredmedia":[{"embeddable":true,"href":"https:\/\/www.libraria-occitana.org\/oc\/wp-json\/wp\/v2\/media\/62693"}],"wp:attachment":[{"href":"https:\/\/www.libraria-occitana.org\/oc\/wp-json\/wp\/v2\/media?parent=62690"}],"wp:term":[{"taxonomy":"product_brand","embeddable":true,"href":"https:\/\/www.libraria-occitana.org\/oc\/wp-json\/wp\/v2\/product_brand?post=62690"},{"taxonomy":"product_cat","embeddable":true,"href":"https:\/\/www.libraria-occitana.org\/oc\/wp-json\/wp\/v2\/product_cat?post=62690"},{"taxonomy":"product_tag","embeddable":true,"href":"https:\/\/www.libraria-occitana.org\/oc\/wp-json\/wp\/v2\/product_tag?post=62690"}],"curies":[{"name":"wp","href":"https:\/\/api.w.org\/{rel}","templated":true}]}}

<p>Nascut en 1949 a Carcassona, Mans de Breish, escais balhat pels amics dal licèu, participa, a la fin de las annadas sessenta, al costat de Claude Marti e de qualques autres, a la debuta de la nòva cançon occitana. Dins aquel documentari, evòca son enfància e sa joventut a Carcassona, son primier disc sus unes poèmas de Joan Bodon, sos concerts au Larzac o en sosten a las lutas viticòlas, sos rescontres ambe Claude Nougaro o Paco Ibañez, o encara sa cançon Lo Lauquet venguda emblematica de la fèsta a Ladèrn.</p>
<p>Lo filme es enriquit per unas fotografias ancianas e per d’extrachs de concèrts filmats entre 2023 e 2025 dins Aude (Ladèrn, Vilamostausson) e a Bordèu.</p>
<p>En occitan, jostitolat en francés.</p>

<p>Nascut en 1949 a Carcassona, Mans de Breish, escais balhat pels amics dal licèu, participa, a la fin de las annadas sessenta, al costat de Claude Marti e de qualques autres, a la debuta de la nòva cançon occitana. Dins aquel documentari, evòca son enfància e sa joventut a Carcassona, son primier disc sus unes [&hellip;]</p>
