{"id":62696,"date":"2024-10-30T11:33:38","date_gmt":"2024-10-30T10:33:38","guid":{"rendered":"https:\/\/www.libraria-occitana.org\/?post_type=product&#038;p=62696"},"modified":"2026-04-29T05:01:15","modified_gmt":"2026-04-29T03:01:15","slug":"micheu-nicolas-un-ome-de-passions","status":"publish","type":"product","link":"https:\/\/www.libraria-occitana.org\/oc\/produch\/micheu-nicolas-un-ome-de-passions\/","title":{"rendered":"Micheu Nic\u00f2las : un \u00f2me de passions"},"content":{"rendered":"<p>Nascut en 1944 a Vidais en Vinhana Nauta dins-t-una familha de paisans occitano-parlants, Micheu Nic\u00f2las viu en Charanta occitana despuei l\u2019atge de sieis mes. Eu parla de son enfan\u00e7a, de sas annadas a l\u2019Esc\u00f2la normala d\u2019Engolesme, de son mestier de regent e de son adopcion tot au long de sa carriera de la pedagogia Freinet. Eu nos parla de sas conviccions p\u00f2liticas e ciutadanas, de sos mandats d\u2019elegit locau a Charre\u00e7, de son engatjament en favor de l\u2019occitan, de la dictada occitana qu\u2019eu organiza despuei vint ans. Eu ev\u00f2ca aitot sa passion per lo rugb\u00ed, l\u2019espeleologia e la randonada. Eu nos entraina per una randonada d\u2019a p\u00e8 sur los chamins de la comuna de son enfan\u00e7a e eu nos fai quitament descubrir la ribiera sosterrena que c\u00f2la dins la cr\u00f2sa de Baussat en Dordonha.\u200b<\/p>\n<p>En occitan, jostitolat en franc\u00e9s.<\/p>\n","protected":false},"excerpt":{"rendered":"<p>Nascut en 1944 a Vidais en Vinhana Nauta dins-t-una familha de paisans occitano-parlants, Micheu Nic\u00f2las viu en Charanta occitana despuei l\u2019atge de sieis mes. Eu parla de son enfan\u00e7a, de sas annadas a l\u2019Esc\u00f2la normala d\u2019Engolesme, de son mestier de regent e de son adopcion tot au long de sa carriera de la pedagogia Freinet. [&hellip;]<\/p>\n","protected":false},"featured_media":62699,"template":"","meta":{"_acf_changed":false,"_genesis_hide_title":false,"_genesis_hide_breadcrumbs":false,"_genesis_hide_singular_image":false,"_genesis_hide_footer_widgets":false,"_genesis_custom_body_class":"","_genesis_custom_post_class":"","_genesis_layout":""},"product_brand":[],"product_cat":[7242,7240],"product_tag":[],"class_list":{"0":"post-62696","1":"product","2":"type-product","3":"status-publish","4":"has-post-thumbnail","6":"product_cat-documentari-oc","7":"product_cat-video-oc","8":"pa_auteur-lavaud-patrick-oc","9":"pa_editeur-les-nuits-atypiques-oc","10":"pa_langue-occitan-lemosin-oc","11":"pa_langue-occitan-francais-oc","12":"entry","14":"first","15":"instock","16":"shipping-taxable","17":"purchasable","18":"product-type-simple"},"acf":[],"_links":{"self":[{"href":"https:\/\/www.libraria-occitana.org\/oc\/wp-json\/wp\/v2\/product\/62696","targetHints":{"allow":["GET"]}}],"collection":[{"href":"https:\/\/www.libraria-occitana.org\/oc\/wp-json\/wp\/v2\/product"}],"about":[{"href":"https:\/\/www.libraria-occitana.org\/oc\/wp-json\/wp\/v2\/types\/product"}],"wp:featuredmedia":[{"embeddable":true,"href":"https:\/\/www.libraria-occitana.org\/oc\/wp-json\/wp\/v2\/media\/62699"}],"wp:attachment":[{"href":"https:\/\/www.libraria-occitana.org\/oc\/wp-json\/wp\/v2\/media?parent=62696"}],"wp:term":[{"taxonomy":"product_brand","embeddable":true,"href":"https:\/\/www.libraria-occitana.org\/oc\/wp-json\/wp\/v2\/product_brand?post=62696"},{"taxonomy":"product_cat","embeddable":true,"href":"https:\/\/www.libraria-occitana.org\/oc\/wp-json\/wp\/v2\/product_cat?post=62696"},{"taxonomy":"product_tag","embeddable":true,"href":"https:\/\/www.libraria-occitana.org\/oc\/wp-json\/wp\/v2\/product_tag?post=62696"}],"curies":[{"name":"wp","href":"https:\/\/api.w.org\/{rel}","templated":true}]}}

Micheu Nicòlas : un òme de passions

<p>Nascut en 1944 a Vidais en Vinhana Nauta dins-t-una familha de paisans occitano-parlants, Micheu Nicòlas viu en Charanta occitana despuei l’atge de sieis mes. Eu parla de son enfança, de sas annadas a l’Escòla normala d’Engolesme, de son mestier de regent e de son adopcion tot au long de sa carriera de la pedagogia Freinet. Eu nos parla de sas conviccions pòliticas e ciutadanas, de sos mandats d’elegit locau a Charreç, de son engatjament en favor de l’occitan, de la dictada occitana qu’eu organiza despuei vint ans. Eu evòca aitot sa passion per lo rugbí, l’espeleologia e la randonada. Eu nos entraina per una randonada d’a pè sur los chamins de la comuna de son enfança e eu nos fai quitament descubrir la ribiera sosterrena que còla dins la cròsa de Baussat en Dordonha.​</p>
<p>En occitan, jostitolat en francés.</p>

<p>Nascut en 1944 a Vidais en Vinhana Nauta dins-t-una familha de paisans occitano-parlants, Micheu Nicòlas viu en Charanta occitana despuei l’atge de sieis mes. Eu parla de son enfança, de sas annadas a l’Escòla normala d’Engolesme, de son mestier de regent e de son adopcion tot au long de sa carriera de la pedagogia Freinet. [&hellip;]</p>
