{"id":62710,"date":"2025-10-30T11:54:03","date_gmt":"2025-10-30T10:54:03","guid":{"rendered":"https:\/\/www.libraria-occitana.org\/?post_type=product&#038;p=62710"},"modified":"2026-04-29T10:23:53","modified_gmt":"2026-04-29T08:23:53","slug":"histoires-du-limousin-faire-date","status":"publish","type":"product","link":"https:\/\/www.libraria-occitana.org\/oc\/produch\/histoires-du-limousin-faire-date\/","title":{"rendered":"Histoire(s) du Limousin. Faire date : De la Pr\u00e9histoire \u00e0 nos jours"},"content":{"rendered":"<p>Une Histoire mais des histoires&#8230; L\u2019ouvrage <em>Histoire(s) du Limousin. Faire date<\/em> remet en lumi\u00e8re les faits marquants en Limousin, de la Pr\u00e9histoire \u00e0 nos jours. Cet ouvrage complet retrace les dates importantes qui jalonnent la m\u00e9moire du Limousin, repla\u00e7ant pleinement cette r\u00e9gion et ses habitants au c\u0153ur des mutations et des soubresauts de l\u2019Histoire, non seulement au niveau r\u00e9gional, mais aussi national, europ\u00e9en et parfois mondial.<\/p>\n<p>Le Limousin appara\u00eet tour \u00e0 tour comme terre d\u2019\u00e9changes et de migrations des hommes, des id\u00e9es et des marchandises, mais aussi comme terre d\u2019exp\u00e9rimentation, participant pleinement \u00e0 la naissance et au progr\u00e8s de l\u2019art roman, s\u2019essayant \u00e0 la r\u00e9forme fiscale d\u00e8s 1740 ou encore en d\u00e9veloppant des innovations techniques, avec les \u00e9maux ou la porcelaine. Obtenant une r\u00e9putation de terre rebelle avec la r\u00e9volte des Croquants de 1594, la mise en place du syndicalisme ouvrier (1895 et 1905) ou encore la multiplication des maquis pendant la Seconde Guerre mondiale, le Limousin n\u2019a eu de cesse de se renouveler et d\u2019\u00e9voluer.<\/p>\n","protected":false},"excerpt":{"rendered":"<p>Une Histoire mais des histoires&#8230; L\u2019ouvrage Histoire(s) du Limousin. Faire date remet en lumi\u00e8re les faits marquants en Limousin, de la Pr\u00e9histoire \u00e0 nos jours. Cet ouvrage complet retrace les dates importantes qui jalonnent la m\u00e9moire du Limousin, repla\u00e7ant pleinement cette r\u00e9gion et ses habitants au c\u0153ur des mutations et des soubresauts de l\u2019Histoire, non [&hellip;]<\/p>\n","protected":false},"featured_media":62713,"template":"","meta":{"_acf_changed":false,"_genesis_hide_title":false,"_genesis_hide_breadcrumbs":false,"_genesis_hide_singular_image":false,"_genesis_hide_footer_widgets":false,"_genesis_custom_body_class":"","_genesis_custom_post_class":"","_genesis_layout":""},"product_brand":[],"product_cat":[7157,7149,7133],"product_tag":[],"class_list":{"0":"post-62710","1":"product","2":"type-product","3":"status-publish","4":"has-post-thumbnail","6":"product_cat-istoria-generala-oc","7":"product_cat-istoria-geografia-oc","8":"product_cat-libres-oc","9":"pa_auteur-rencontre-des-historiens-du-limousin-1-oc","10":"pa_editeur-les-ardents-editeurs-oc","11":"pa_langue-francais-oc","12":"entry","14":"first","15":"instock","16":"shipping-taxable","17":"purchasable","18":"product-type-simple"},"acf":[],"_links":{"self":[{"href":"https:\/\/www.libraria-occitana.org\/oc\/wp-json\/wp\/v2\/product\/62710","targetHints":{"allow":["GET"]}}],"collection":[{"href":"https:\/\/www.libraria-occitana.org\/oc\/wp-json\/wp\/v2\/product"}],"about":[{"href":"https:\/\/www.libraria-occitana.org\/oc\/wp-json\/wp\/v2\/types\/product"}],"wp:featuredmedia":[{"embeddable":true,"href":"https:\/\/www.libraria-occitana.org\/oc\/wp-json\/wp\/v2\/media\/62713"}],"wp:attachment":[{"href":"https:\/\/www.libraria-occitana.org\/oc\/wp-json\/wp\/v2\/media?parent=62710"}],"wp:term":[{"taxonomy":"product_brand","embeddable":true,"href":"https:\/\/www.libraria-occitana.org\/oc\/wp-json\/wp\/v2\/product_brand?post=62710"},{"taxonomy":"product_cat","embeddable":true,"href":"https:\/\/www.libraria-occitana.org\/oc\/wp-json\/wp\/v2\/product_cat?post=62710"},{"taxonomy":"product_tag","embeddable":true,"href":"https:\/\/www.libraria-occitana.org\/oc\/wp-json\/wp\/v2\/product_tag?post=62710"}],"curies":[{"name":"wp","href":"https:\/\/api.w.org\/{rel}","templated":true}]}}

Histoire(s) du Limousin. Faire date : De la Préhistoire à nos jours

<p>Une Histoire mais des histoires&#8230; L’ouvrage <em>Histoire(s) du Limousin. Faire date</em> remet en lumière les faits marquants en Limousin, de la Préhistoire à nos jours. Cet ouvrage complet retrace les dates importantes qui jalonnent la mémoire du Limousin, replaçant pleinement cette région et ses habitants au cœur des mutations et des soubresauts de l’Histoire, non seulement au niveau régional, mais aussi national, européen et parfois mondial.</p>
<p>Le Limousin apparaît tour à tour comme terre d’échanges et de migrations des hommes, des idées et des marchandises, mais aussi comme terre d’expérimentation, participant pleinement à la naissance et au progrès de l’art roman, s’essayant à la réforme fiscale dès 1740 ou encore en développant des innovations techniques, avec les émaux ou la porcelaine. Obtenant une réputation de terre rebelle avec la révolte des Croquants de 1594, la mise en place du syndicalisme ouvrier (1895 et 1905) ou encore la multiplication des maquis pendant la Seconde Guerre mondiale, le Limousin n’a eu de cesse de se renouveler et d’évoluer.</p>

<p>Une Histoire mais des histoires&#8230; L’ouvrage Histoire(s) du Limousin. Faire date remet en lumière les faits marquants en Limousin, de la Préhistoire à nos jours. Cet ouvrage complet retrace les dates importantes qui jalonnent la mémoire du Limousin, replaçant pleinement cette région et ses habitants au cœur des mutations et des soubresauts de l’Histoire, non [&hellip;]</p>
