{"id":62996,"date":"2025-11-28T16:26:16","date_gmt":"2025-11-28T15:26:16","guid":{"rendered":"https:\/\/www.libraria-occitana.org\/product\/nadau-reenchante-loccitan\/"},"modified":"2026-04-29T10:31:14","modified_gmt":"2026-04-29T08:31:14","slug":"nadau-reenchante-loccitan","status":"publish","type":"product","link":"https:\/\/www.libraria-occitana.org\/oc\/produch\/nadau-reenchante-loccitan\/","title":{"rendered":"Nadau r\u00e9enchante l&#8217;occitan"},"content":{"rendered":"<p>Cet ouvrage propose une plong\u00e9e dans l&#8217;univers de Nadau, ensemble polyphonique d&#8217;exception qui, depuis un demi-si\u00e8cle, enflamme, exalte et porte haut les couleurs des langues et cultures d&#8217;Occitanie, d&#8217;une identit\u00e9 non point recroquevill\u00e9e sur elle-m\u00eame mais ouverte au plus grand nombre.<\/p>\n<p>Cinq d\u00e9cennies d&#8217;une l\u00e9gendaire destin\u00e9e jalonn\u00e9e de multiples concerts au retentissant succ\u00e8s sont ici diss\u00e9qu\u00e9es par l&#8217;auteur, tout aussi sensible \u00e0 l&#8217;esprit de ce groupe mythique soud\u00e9 autour de Joan, figure tut\u00e9laire aux multiples talents, qu&#8217;\u00e0 la fabuleuse histoire d&#8217;amour scell\u00e9e avec des publics r\u00e9solument acquis \u00e0 la cause d&#8217;une expression plus prompte \u00e0 rassembler qu&#8217;\u00e0 exclure.<\/p>\n<p>Car dans cet attachement visc\u00e9ral aux racines conjugu\u00e9 \u00e0 une bienfaitrice inclination \u00e0 l&#8217;universel r\u00e9side toute la magie d&#8217;un art qui sait trouver des r\u00e9sonances en chacun de nous.<\/p>\n","protected":false},"excerpt":{"rendered":"<p>Cet ouvrage propose une plong\u00e9e dans l&#8217;univers de Nadau, ensemble polyphonique d&#8217;exception qui, depuis un demi-si\u00e8cle, enflamme, exalte et porte haut les couleurs des langues et cultures d&#8217;Occitanie, d&#8217;une identit\u00e9 non point recroquevill\u00e9e sur elle-m\u00eame mais ouverte au plus grand nombre. Cinq d\u00e9cennies d&#8217;une l\u00e9gendaire destin\u00e9e jalonn\u00e9e de multiples concerts au retentissant succ\u00e8s sont ici [&hellip;]<\/p>\n","protected":false},"featured_media":62898,"template":"","meta":{"_acf_changed":false,"_genesis_hide_title":false,"_genesis_hide_breadcrumbs":false,"_genesis_hide_singular_image":false,"_genesis_hide_footer_widgets":false,"_genesis_custom_body_class":"","_genesis_custom_post_class":"","_genesis_layout":""},"product_brand":[],"product_cat":[7195,7133,7191],"product_tag":[],"class_list":{"0":"post-62996","1":"product","2":"type-product","3":"status-publish","4":"has-post-thumbnail","6":"product_cat-estudis-oc","7":"product_cat-libres-oc","8":"product_cat-musica-danca-oc","9":"pa_editeur-sud-ouest-oc","10":"pa_langue-francais-oc","11":"entry","13":"first","14":"instock","15":"shipping-taxable","16":"purchasable","17":"product-type-simple"},"acf":[],"_links":{"self":[{"href":"https:\/\/www.libraria-occitana.org\/oc\/wp-json\/wp\/v2\/product\/62996","targetHints":{"allow":["GET"]}}],"collection":[{"href":"https:\/\/www.libraria-occitana.org\/oc\/wp-json\/wp\/v2\/product"}],"about":[{"href":"https:\/\/www.libraria-occitana.org\/oc\/wp-json\/wp\/v2\/types\/product"}],"wp:featuredmedia":[{"embeddable":true,"href":"https:\/\/www.libraria-occitana.org\/oc\/wp-json\/wp\/v2\/media\/62898"}],"wp:attachment":[{"href":"https:\/\/www.libraria-occitana.org\/oc\/wp-json\/wp\/v2\/media?parent=62996"}],"wp:term":[{"taxonomy":"product_brand","embeddable":true,"href":"https:\/\/www.libraria-occitana.org\/oc\/wp-json\/wp\/v2\/product_brand?post=62996"},{"taxonomy":"product_cat","embeddable":true,"href":"https:\/\/www.libraria-occitana.org\/oc\/wp-json\/wp\/v2\/product_cat?post=62996"},{"taxonomy":"product_tag","embeddable":true,"href":"https:\/\/www.libraria-occitana.org\/oc\/wp-json\/wp\/v2\/product_tag?post=62996"}],"curies":[{"name":"wp","href":"https:\/\/api.w.org\/{rel}","templated":true}]}}

Nadau réenchante l&#8217;occitan

<p>Cet ouvrage propose une plongée dans l&#8217;univers de Nadau, ensemble polyphonique d&#8217;exception qui, depuis un demi-siècle, enflamme, exalte et porte haut les couleurs des langues et cultures d&#8217;Occitanie, d&#8217;une identité non point recroquevillée sur elle-même mais ouverte au plus grand nombre.</p>
<p>Cinq décennies d&#8217;une légendaire destinée jalonnée de multiples concerts au retentissant succès sont ici disséquées par l&#8217;auteur, tout aussi sensible à l&#8217;esprit de ce groupe mythique soudé autour de Joan, figure tutélaire aux multiples talents, qu&#8217;à la fabuleuse histoire d&#8217;amour scellée avec des publics résolument acquis à la cause d&#8217;une expression plus prompte à rassembler qu&#8217;à exclure.</p>
<p>Car dans cet attachement viscéral aux racines conjugué à une bienfaitrice inclination à l&#8217;universel réside toute la magie d&#8217;un art qui sait trouver des résonances en chacun de nous.</p>

<p>Cet ouvrage propose une plongée dans l&#8217;univers de Nadau, ensemble polyphonique d&#8217;exception qui, depuis un demi-siècle, enflamme, exalte et porte haut les couleurs des langues et cultures d&#8217;Occitanie, d&#8217;une identité non point recroquevillée sur elle-même mais ouverte au plus grand nombre. Cinq décennies d&#8217;une légendaire destinée jalonnée de multiples concerts au retentissant succès sont ici [&hellip;]</p>
