{"id":63366,"date":"1997-04-12T18:29:59","date_gmt":"1997-04-12T16:29:59","guid":{"rendered":"https:\/\/www.libraria-occitana.org\/?post_type=product&#038;p=63366"},"modified":"2026-04-29T10:05:01","modified_gmt":"2026-04-29T08:05:01","slug":"le-francais-histoire-dun-dialecte-devenu-langue","status":"publish","type":"product","link":"https:\/\/www.libraria-occitana.org\/oc\/produch\/le-francais-histoire-dun-dialecte-devenu-langue\/","title":{"rendered":"Le fran\u00e7ais : Histoire d&#8217;un dialecte devenu langue"},"content":{"rendered":"<p>Comment s&#8217;est form\u00e9e la langue qu&#8217;on nous enseigne \u00e0 l&#8217;\u00e9cole ? Pour quelles raisons le dialecte dont elle est issue a-t-il fini par s&#8217;imposer aux autres, \u00e0 se standardiser d&#8217;une fa\u00e7on aussi stricte ? Pourquoi investissons-nous tant de passion dans la langue nationale ?<\/p>\n<p>Pour comprendre la singularit\u00e9 fran\u00e7aise, Anthony Lodge a entrepris de raconter l&#8217;histoire du fran\u00e7ais depuis ses origines gauloises jusqu&#8217;\u00e0 nos jours.<\/p>\n<p>Tout commence avec la latinisation de la Gaule, suivie, sous l&#8217;influence des invasions barbares du Ve si\u00e8cle, de la formation des langues gallo-romaines (comme l&#8217;occitan et le picard), chaque r\u00e9gion r\u00e9alisant une synth\u00e8se originale. Ce sera finalement la langue du roi qui l&#8217;emporta : Paris imposera ses normes \u00e0 une province tout \u00e0 la fois fascin\u00e9e et exasp\u00e9r\u00e9e par la \u00ab belle langue \u00bb aux XVIIe et XVIIIe si\u00e8cles. Plus tard, avec la R\u00e9volution, le fran\u00e7ais deviendra le symbole de l&#8217;unit\u00e9 nationale puis, sous la IIIe R\u00e9publique, l&#8217;expression du g\u00e9nie fran\u00e7ais.<\/p>\n<p>Mais l&#8217;histoire n&#8217;a pas pris cong\u00e9 pour autant, et le fran\u00e7ais est toujours le lieu d&#8217;une tension permanente. C&#8217;est ainsi que l&#8217;usage conna\u00eet d&#8217;importantes divergences selon le sexe, la r\u00e9gion, l&#8217;\u00e2ge, la classe sociale. Quant \u00e0 la rigidit\u00e9 de la langue \u00e9crite, elle a aujourd&#8217;hui pour corollaire l&#8217;\u00e9clatement de la langue parl\u00e9e, refuge de l&#8217;inventivit\u00e9 sociale et culturelle. Que nous r\u00e9servent les temps nouveaux ?<\/p>\n<p>Cette superbe fresque de notre histoire, politique autant que linguistique, est enrichie de nombreuses citations de textes anciens, modernes ou contemporains et d&#8217;une cartographie originale.<\/p>\n<p>R. Anthony Lodge est professeur de fran\u00e7ais \u00e0 l&#8217;universit\u00e9 de Saint-Andrews, en Grande-Bretagne. Il a consacr\u00e9 ses principaux ouvrages \u00e0 l&#8217;\u00e9tude de la langue fran\u00e7aise et de l&#8217;occitan au Moyen \u00c2ge.<\/p>\n","protected":false},"excerpt":{"rendered":"<p>Comment s&#8217;est form\u00e9e la langue qu&#8217;on nous enseigne \u00e0 l&#8217;\u00e9cole ? Pour quelles raisons le dialecte dont elle est issue a-t-il fini par s&#8217;imposer aux autres, \u00e0 se standardiser d&#8217;une fa\u00e7on aussi stricte ? Pourquoi investissons-nous tant de passion dans la langue nationale ? Pour comprendre la singularit\u00e9 fran\u00e7aise, Anthony Lodge a entrepris de raconter [&hellip;]<\/p>\n","protected":false},"featured_media":63369,"template":"","meta":{"_acf_changed":false,"_genesis_hide_title":false,"_genesis_hide_breadcrumbs":false,"_genesis_hide_singular_image":false,"_genesis_hide_footer_widgets":false,"_genesis_custom_body_class":"","_genesis_custom_post_class":"","_genesis_layout":""},"product_brand":[],"product_cat":[7137,7133,7141],"product_tag":[],"class_list":{"0":"post-63366","1":"product","2":"type-product","3":"status-publish","4":"has-post-thumbnail","6":"product_cat-diccionaris-lenga-escolar-oc","7":"product_cat-libres-oc","8":"product_cat-linguistica-oc","9":"pa_editeur-fayard-oc","10":"pa_langue-francais-oc","11":"entry","13":"first","14":"instock","15":"shipping-taxable","16":"purchasable","17":"product-type-simple"},"acf":[],"_links":{"self":[{"href":"https:\/\/www.libraria-occitana.org\/oc\/wp-json\/wp\/v2\/product\/63366","targetHints":{"allow":["GET"]}}],"collection":[{"href":"https:\/\/www.libraria-occitana.org\/oc\/wp-json\/wp\/v2\/product"}],"about":[{"href":"https:\/\/www.libraria-occitana.org\/oc\/wp-json\/wp\/v2\/types\/product"}],"wp:featuredmedia":[{"embeddable":true,"href":"https:\/\/www.libraria-occitana.org\/oc\/wp-json\/wp\/v2\/media\/63369"}],"wp:attachment":[{"href":"https:\/\/www.libraria-occitana.org\/oc\/wp-json\/wp\/v2\/media?parent=63366"}],"wp:term":[{"taxonomy":"product_brand","embeddable":true,"href":"https:\/\/www.libraria-occitana.org\/oc\/wp-json\/wp\/v2\/product_brand?post=63366"},{"taxonomy":"product_cat","embeddable":true,"href":"https:\/\/www.libraria-occitana.org\/oc\/wp-json\/wp\/v2\/product_cat?post=63366"},{"taxonomy":"product_tag","embeddable":true,"href":"https:\/\/www.libraria-occitana.org\/oc\/wp-json\/wp\/v2\/product_tag?post=63366"}],"curies":[{"name":"wp","href":"https:\/\/api.w.org\/{rel}","templated":true}]}}

Le français : Histoire d&#8217;un dialecte devenu langue

<p>Comment s&#8217;est formée la langue qu&#8217;on nous enseigne à l&#8217;école ? Pour quelles raisons le dialecte dont elle est issue a-t-il fini par s&#8217;imposer aux autres, à se standardiser d&#8217;une façon aussi stricte ? Pourquoi investissons-nous tant de passion dans la langue nationale ?</p>
<p>Pour comprendre la singularité française, Anthony Lodge a entrepris de raconter l&#8217;histoire du français depuis ses origines gauloises jusqu&#8217;à nos jours.</p>
<p>Tout commence avec la latinisation de la Gaule, suivie, sous l&#8217;influence des invasions barbares du Ve siècle, de la formation des langues gallo-romaines (comme l&#8217;occitan et le picard), chaque région réalisant une synthèse originale. Ce sera finalement la langue du roi qui l&#8217;emporta : Paris imposera ses normes à une province tout à la fois fascinée et exaspérée par la « belle langue » aux XVIIe et XVIIIe siècles. Plus tard, avec la Révolution, le français deviendra le symbole de l&#8217;unité nationale puis, sous la IIIe République, l&#8217;expression du génie français.</p>
<p>Mais l&#8217;histoire n&#8217;a pas pris congé pour autant, et le français est toujours le lieu d&#8217;une tension permanente. C&#8217;est ainsi que l&#8217;usage connaît d&#8217;importantes divergences selon le sexe, la région, l&#8217;âge, la classe sociale. Quant à la rigidité de la langue écrite, elle a aujourd&#8217;hui pour corollaire l&#8217;éclatement de la langue parlée, refuge de l&#8217;inventivité sociale et culturelle. Que nous réservent les temps nouveaux ?</p>
<p>Cette superbe fresque de notre histoire, politique autant que linguistique, est enrichie de nombreuses citations de textes anciens, modernes ou contemporains et d&#8217;une cartographie originale.</p>
<p>R. Anthony Lodge est professeur de français à l&#8217;université de Saint-Andrews, en Grande-Bretagne. Il a consacré ses principaux ouvrages à l&#8217;étude de la langue française et de l&#8217;occitan au Moyen Âge.</p>

<p>Comment s&#8217;est formée la langue qu&#8217;on nous enseigne à l&#8217;école ? Pour quelles raisons le dialecte dont elle est issue a-t-il fini par s&#8217;imposer aux autres, à se standardiser d&#8217;une façon aussi stricte ? Pourquoi investissons-nous tant de passion dans la langue nationale ? Pour comprendre la singularité française, Anthony Lodge a entrepris de raconter [&hellip;]</p>
