{"id":63658,"date":"2026-04-21T15:48:25","date_gmt":"2026-04-21T13:48:25","guid":{"rendered":"https:\/\/www.libraria-occitana.org\/?post_type=product&#038;p=63658"},"modified":"2026-04-27T15:43:10","modified_gmt":"2026-04-27T13:43:10","slug":"marcela-delpastre-e-res-de-mai-si-nes-poeta","status":"publish","type":"product","link":"https:\/\/www.libraria-occitana.org\/oc\/produch\/marcela-delpastre-e-res-de-mai-si-nes-poeta\/","title":{"rendered":"Marcela Delpastre e res de mai si ne&#8217;s poeta"},"content":{"rendered":"<p>Autor major de la literatura occitana, Marcela Delpastre (1925-1998) visquet tota sa vita en Germont, comuna de Chamberet, en Corresa. En occitan e en franc\u00e9s, daus c\u00f2ps dins las doas lengas dens lo mesme poema, bastiguet una \u00f2bra remarcabla dins daus genres nombr\u00f3s : poesia, contes, mem\u00f2rias, etnografia.<\/p>\n<p>S\u2019apoiant sus lo testimoniatge de Miqu\u00e8la Stenta, autora deu libre <a href=\"https:\/\/www.libraria-occitana.org\/produit\/marcelle-delpastre-a-fleur-de-lame\/\"><em>Marcela Delpastre a flor de l\u2019arma<\/em><\/a>, \u2019queu documentari es l\u2019enchaison de descubrir la vita e l\u2019\u00f2bra d\u2019aquesta personalitat originala, \u00ab paisan, e res de mai si ne\u2019s poeta \u00bb. \u2019Qu\u2019es enrichesit per de las lecturas de poemas de Marcela Delpastre per Ter\u00e8sa Canet, d\u2019extrachs dau recitau <a href=\"https:\/\/www.libraria-occitana.org\/produit\/nathanael-sous-le-figuier-de-marcelle-delpastre-recital-a-deux-voix\/\"><em>Natanael jos lo figier<\/em><\/a>, de Ter\u00e8sa Canet e Maria-Laura Fraysse, e maitot de las fotografias de Charles Camberoque.<\/p>\n<p>En occitan, jostitolat en franc\u00e9s.<\/p>\n","protected":false},"excerpt":{"rendered":"<p>Autor major de la literatura occitana, Marcela Delpastre (1925-1998) visquet tota sa vita en Germont, comuna de Chamberet, en Corresa. En occitan e en franc\u00e9s, daus c\u00f2ps dins las doas lengas dens lo mesme poema, bastiguet una \u00f2bra remarcabla dins daus genres nombr\u00f3s : poesia, contes, mem\u00f2rias, etnografia. S\u2019apoiant sus lo testimoniatge de Miqu\u00e8la Stenta, [&hellip;]<\/p>\n","protected":false},"featured_media":63661,"template":"","meta":{"_acf_changed":false,"_genesis_hide_title":false,"_genesis_hide_breadcrumbs":false,"_genesis_hide_singular_image":false,"_genesis_hide_footer_widgets":false,"_genesis_custom_body_class":"","_genesis_custom_post_class":"","_genesis_layout":""},"product_brand":[],"product_cat":[7248,7240],"product_tag":[],"class_list":{"0":"post-63658","1":"product","2":"type-product","3":"status-publish","4":"has-post-thumbnail","6":"product_cat-musica-literatura-oc","7":"product_cat-video-oc","8":"pa_auteur-lavaud-patrick-oc","9":"pa_editeur-les-nuits-atypiques-oc","10":"pa_langue-occitan-lengadocian-oc","11":"pa_langue-occitan-francais-oc","12":"entry","14":"first","15":"instock","16":"shipping-taxable","17":"purchasable","18":"product-type-simple"},"acf":[],"_links":{"self":[{"href":"https:\/\/www.libraria-occitana.org\/oc\/wp-json\/wp\/v2\/product\/63658","targetHints":{"allow":["GET"]}}],"collection":[{"href":"https:\/\/www.libraria-occitana.org\/oc\/wp-json\/wp\/v2\/product"}],"about":[{"href":"https:\/\/www.libraria-occitana.org\/oc\/wp-json\/wp\/v2\/types\/product"}],"wp:featuredmedia":[{"embeddable":true,"href":"https:\/\/www.libraria-occitana.org\/oc\/wp-json\/wp\/v2\/media\/63661"}],"wp:attachment":[{"href":"https:\/\/www.libraria-occitana.org\/oc\/wp-json\/wp\/v2\/media?parent=63658"}],"wp:term":[{"taxonomy":"product_brand","embeddable":true,"href":"https:\/\/www.libraria-occitana.org\/oc\/wp-json\/wp\/v2\/product_brand?post=63658"},{"taxonomy":"product_cat","embeddable":true,"href":"https:\/\/www.libraria-occitana.org\/oc\/wp-json\/wp\/v2\/product_cat?post=63658"},{"taxonomy":"product_tag","embeddable":true,"href":"https:\/\/www.libraria-occitana.org\/oc\/wp-json\/wp\/v2\/product_tag?post=63658"}],"curies":[{"name":"wp","href":"https:\/\/api.w.org\/{rel}","templated":true}]}}

<p>Autor major de la literatura occitana, Marcela Delpastre (1925-1998) visquet tota sa vita en Germont, comuna de Chamberet, en Corresa. En occitan e en francés, daus còps dins las doas lengas dens lo mesme poema, bastiguet una òbra remarcabla dins daus genres nombrós : poesia, contes, memòrias, etnografia.</p>
<p>S’apoiant sus lo testimoniatge de Miquèla Stenta, autora deu libre <a href="https://www.libraria-occitana.org/produit/marcelle-delpastre-a-fleur-de-lame/"><em>Marcela Delpastre a flor de l’arma</em></a>, ’queu documentari es l’enchaison de descubrir la vita e l’òbra d’aquesta personalitat originala, « paisan, e res de mai si ne’s poeta ». ’Qu’es enrichesit per de las lecturas de poemas de Marcela Delpastre per Terèsa Canet, d’extrachs dau recitau <a href="https://www.libraria-occitana.org/produit/nathanael-sous-le-figuier-de-marcelle-delpastre-recital-a-deux-voix/"><em>Natanael jos lo figier</em></a>, de Terèsa Canet e Maria-Laura Fraysse, e maitot de las fotografias de Charles Camberoque.</p>
<p>En occitan, jostitolat en francés.</p>

<p>Autor major de la literatura occitana, Marcela Delpastre (1925-1998) visquet tota sa vita en Germont, comuna de Chamberet, en Corresa. En occitan e en francés, daus còps dins las doas lengas dens lo mesme poema, bastiguet una òbra remarcabla dins daus genres nombrós : poesia, contes, memòrias, etnografia. S’apoiant sus lo testimoniatge de Miquèla Stenta, [&hellip;]</p>
