{"id":63683,"date":"2024-04-28T16:26:42","date_gmt":"2024-04-28T14:26:42","guid":{"rendered":"https:\/\/www.libraria-occitana.org\/?post_type=product&#038;p=63683"},"modified":"2026-04-28T17:05:56","modified_gmt":"2026-04-28T15:05:56","slug":"le-pti-prince","status":"publish","type":"product","link":"https:\/\/www.libraria-occitana.org\/oc\/produch\/le-pti-prince\/","title":{"rendered":"Le P&#8217;ti Prince : Patouai d&#8217;Sin-Barban \u00e9t d&#8217;Sin-Mar\u00e7au (Saint-Barbant et Saint-Martial-sur-Isop, Haute-Vienne)"},"content":{"rendered":"<p>&#8216;Na version en occitan de \u00ab Sin-Barban \u00e9t Sin-Mar\u00e7au \u00bb (Viena Nauta) dau <em>Petit Prince<\/em> de Saint-Exup\u00e9ry. Grafia fonetica de l&#8217;autor.<\/p>\n<p>\u00ab Arv\u00e9re, r\u00e9pond\u00e9 le r&#8217;nar.<br \/>\nI vai t&#8217;dire mon s\u00ebcr\u00e9. V&#8217;\u00e9 p\u00e2 deu tou compyica :<br \/>\non v\u00e9 byin qu&#8217;av\u00e8que le que\u00f9r.<br \/>\nS&#8217; que conte le mai, ou s&#8217;v\u00e9 p\u00e2 av\u00e8que lo\u00fb euill\u00e9. \u00bb<\/p>\n<p>Traduccion : Armand Maisonnier avec Marie-Jo, Mo\u00efse et Pierre Chassat, Henriette Chegaray, Annie Maisonnier et Olivier Ranger. Edicion : Marc Allassonni\u00e8re-Tang, Nicolas Quint.<\/p>\n","protected":false},"excerpt":{"rendered":"<p>&#8216;Na version en occitan de \u00ab Sin-Barban \u00e9t Sin-Mar\u00e7au \u00bb (Viena Nauta) dau Petit Prince de Saint-Exup\u00e9ry. Grafia fonetica de l&#8217;autor. \u00ab Arv\u00e9re, r\u00e9pond\u00e9 le r&#8217;nar. I vai t&#8217;dire mon s\u00ebcr\u00e9. V&#8217;\u00e9 p\u00e2 deu tou compyica : on v\u00e9 byin qu&#8217;av\u00e8que le que\u00f9r. S&#8217; que conte le mai, ou s&#8217;v\u00e9 p\u00e2 av\u00e8que lo\u00fb euill\u00e9. \u00bb [&hellip;]<\/p>\n","protected":false},"featured_media":63686,"template":"","meta":{"_acf_changed":false,"_genesis_hide_title":false,"_genesis_hide_breadcrumbs":false,"_genesis_hide_singular_image":false,"_genesis_hide_footer_widgets":false,"_genesis_custom_body_class":"","_genesis_custom_post_class":"","_genesis_layout":""},"product_brand":[],"product_cat":[7137,7133,7141],"product_tag":[],"class_list":{"0":"post-63683","1":"product","2":"type-product","3":"status-publish","4":"has-post-thumbnail","6":"product_cat-diccionaris-lenga-escolar-oc","7":"product_cat-libres-oc","8":"product_cat-linguistica-oc","9":"pa_auteur-saint-exupery-antoine-de-fr-oc","10":"pa_editeur-tintenfass-oc","11":"pa_illustrateur-quint-nicolas-oc-1","12":"pa_langue-occitan-oc","13":"pa_langue-occitan-lemosin-oc","14":"entry","16":"first","17":"instock","18":"shipping-taxable","19":"purchasable","20":"product-type-simple"},"acf":[],"_links":{"self":[{"href":"https:\/\/www.libraria-occitana.org\/oc\/wp-json\/wp\/v2\/product\/63683","targetHints":{"allow":["GET"]}}],"collection":[{"href":"https:\/\/www.libraria-occitana.org\/oc\/wp-json\/wp\/v2\/product"}],"about":[{"href":"https:\/\/www.libraria-occitana.org\/oc\/wp-json\/wp\/v2\/types\/product"}],"wp:featuredmedia":[{"embeddable":true,"href":"https:\/\/www.libraria-occitana.org\/oc\/wp-json\/wp\/v2\/media\/63686"}],"wp:attachment":[{"href":"https:\/\/www.libraria-occitana.org\/oc\/wp-json\/wp\/v2\/media?parent=63683"}],"wp:term":[{"taxonomy":"product_brand","embeddable":true,"href":"https:\/\/www.libraria-occitana.org\/oc\/wp-json\/wp\/v2\/product_brand?post=63683"},{"taxonomy":"product_cat","embeddable":true,"href":"https:\/\/www.libraria-occitana.org\/oc\/wp-json\/wp\/v2\/product_cat?post=63683"},{"taxonomy":"product_tag","embeddable":true,"href":"https:\/\/www.libraria-occitana.org\/oc\/wp-json\/wp\/v2\/product_tag?post=63683"}],"curies":[{"name":"wp","href":"https:\/\/api.w.org\/{rel}","templated":true}]}}

Le P&#8217;ti Prince : Patouai d&#8217;Sin-Barban ét d&#8217;Sin-Marçau (Saint-Barbant et Saint-Martial-sur-Isop, Haute-Vienne)

<p>&#8216;Na version en occitan de « Sin-Barban ét Sin-Marçau » (Viena Nauta) dau <em>Petit Prince</em> de Saint-Exupéry. Grafia fonetica de l&#8217;autor.</p>
<p>« Arvére, répondé le r&#8217;nar.<br />
I vai t&#8217;dire mon sëcré. V&#8217;é pâ deu tou compyica :<br />
on vé byin qu&#8217;avèque le queùr.<br />
S&#8217; que conte le mai, ou s&#8217;vé pâ avèque loû euillé. »</p>
<p>Traduccion : Armand Maisonnier avec Marie-Jo, Moïse et Pierre Chassat, Henriette Chegaray, Annie Maisonnier et Olivier Ranger. Edicion : Marc Allassonnière-Tang, Nicolas Quint.</p>

<p>&#8216;Na version en occitan de « Sin-Barban ét Sin-Marçau » (Viena Nauta) dau Petit Prince de Saint-Exupéry. Grafia fonetica de l&#8217;autor. « Arvére, répondé le r&#8217;nar. I vai t&#8217;dire mon sëcré. V&#8217;é pâ deu tou compyica : on vé byin qu&#8217;avèque le queùr. S&#8217; que conte le mai, ou s&#8217;vé pâ avèque loû euillé. » [&hellip;]</p>
